3*b + 13 = g, -2*b + 0 = -3*g + 18. Let s be 1 - -1 - (-1)/1. What is the tens digit of (s - (-50 - g)) + -2?
5
What is the hundreds digit of 24228/45 - 4/(-20)*3?
5
Suppose -64*w - 1770 = -70*w. What is the tens digit of w?
9
Suppose -1421 = -3*r + 2*k, -21*k + 17*k = -3*r + 1417. What is the units digit of r?
5
Suppose 3*z - 5*h - 53 = 3, -64 = -5*z + h. Suppose z*o = 20*o - 1304. What is the hundreds digit of o?
1
Let t = 4184 + -1649. What is the tens digit of t?
3
Let a = -126 - -130. Suppose 4*c - 56 = -2*w, 2*w - a*c - 54 = -w. What is the tens digit of w?
2
Suppose 2*w - 87 + 19 = 0. Suppose -i = 5*x - 88, -w = -2*i + 3*x + 90. What is the tens digit of i?
6
Suppose 13 = 2*x + 31. What is the units digit of (-1)/x + (-2290)/(-45)?
1
Let p = -11 - -15. Let t = p - 2. Suppose t*r - 20 = b, 2*b + 12 = 3*r - 18. What is the tens digit of r?
1
Let v(f) = -f**2 - 3*f - 4. Let i be v(3). Suppose -2*c + 2*z = 11 - 73, 5*z = 10. Let g = i + c. What is the tens digit of g?
1
Let p(g) = 15*g - 5. Let z(q) = -30*q + 9. Let n(t) = 11*p(t) + 6*z(t). Suppose j - 20 = -4*j, 5*j - 15 = -5*r. What is the units digit of n(r)?
4
What is the thousands digit of (832500/(-55))/(-9) - (-2)/11?
1
What is the tens digit of (1612/3)/((-215)/(-1290))?
2
Let p(o) = o. Let b(k) = -k**3 + 3*k**2 + 5*k + 3. Suppose r = -3*i + 6 + 10, -i + 24 = 5*r. Let q be b(r). What is the units digit of p(q)?
7
Let c(t) = -2*t**2 - 2*t + 2. Let a be c(2). Let i = 14 + a. Suppose -5*v = i - 9. What is the units digit of v?
1
Suppose 2*q + 3*q - 5 = 0. Let y be (2 - q)*(16 + -16). Suppose y = -m - 5, -3*c - 4*m = 9 - 121. What is the tens digit of c?
4
Let l(v) = v**3 - v**2 - 3*v + 3. Let r be l(3). Suppose -2*b = j - r, j + 30 = -b + 6*b. What is the units digit of b?
6
Suppose -2077 = -5*r + 3*s, r + 827 = 3*r - 5*s. What is the tens digit of r?
1
Suppose -4*f + 49 = k, 0*f + 14 = f + 2*k. Let n = f - 15. What is the units digit of 43/4 + n/4?
0
Suppose -3*y = -0*y. Let h(m) = m**3 + 2*m**2 - 3*m + 44. What is the tens digit of h(y)?
4
Suppose 10164 = -276*o + 297*o. What is the units digit of o?
4
Suppose 0 = -c + z, -4*c - z = c + 18. What is the tens digit of 364/6 + 2/c?
6
Suppose 3*m = 2*t - 2004, 0 = 25*t - 20*t + 3*m - 5031. What is the thousands digit of t?
1
Let s be (-18)/(-27) + 2/(-3). Suppose -2*p + 163 - 51 = s. What is the units digit of p?
6
Suppose 1 + 3 = -2*z. Let r be ((-5)/2)/(1/z). Suppose -3*g + 51 = r*h - h, -h = 2*g - 34. What is the units digit of g?
7
Let a be -1*(-1 + 5 - 6). What is the units digit of -14 + 15 + a*27?
5
Suppose -5*p - 1809 - 140 = -2*b, 0 = -5*b + 2*p + 4841. What is the hundreds digit of b?
9
Suppose 3*p - 3*m - 9 - 18 = 0, 3*m + 17 = p. Let j(a) = -2*a**2 - 2*a - 1. Let d be j(-3). Let x = p - d. What is the units digit of x?
8
Let x = -881 - -957. What is the units digit of x?
6
Let b = 17264 + -12317. What is the tens digit of b?
4
Let r(i) = -67*i**2 - 7*i + 9. Let h be r(2). Let c = -71 - h. What is the tens digit of c?
0
Let g(h) = h - 3. Let k be g(7). Suppose 114 = 3*q - q - k*p, 4*q = 3*p + 233. What is the units digit of q?
9
What is the tens digit of (1 - (-920)/(-32))/(2/(-104))?
4
Let g = 39 - 22. Suppose -c + 4*c + 24 = 0. Let y = c + g. What is the units digit of y?
9
Suppose -3469 = 8*a - 485. Let b = a + 552. What is the units digit of b?
9
Let t(d) = d - 5. Let k be t(7). Suppose 15 = k*z + 5. Suppose z*j + j - 42 = 0. What is the units digit of j?
7
What is the units digit of -6 - (359 + 6)/(-1)?
9
Let y(c) = -8*c**3 + 39*c**2 - 4*c - 69. Let v(a) = 3*a**3 - 13*a**2 + a + 23. Let r(k) = -11*v(k) - 4*y(k). What is the units digit of r(-14)?
9
Let a be 17 + -3 + 7 + -3. Let b(k) = k + 11. Let i be b(a). Suppose -c + 3*o + 17 = 0, i + 39 = 4*c - 4*o. What is the units digit of c?
7
Let v be (12/16)/((-3)/(-8)). Let w be (-6 + 2)/v + 18. What is the units digit of (w*-2)/4*-2?
6
Let q(z) = -4*z**2 + 11*z - 18. Let a be q(7). Let l = 242 + a. What is the units digit of l?
5
Let n(c) = 2*c**3 - c - 3. Let b be n(0). What is the tens digit of 3 + 0 - 69/b?
2
Let d(o) = 19*o - 97. What is the units digit of d(20)?
3
Let o(t) = t**3 - 43*t**2 + 25*t + 461. What is the hundreds digit of o(43)?
5
Let i(m) = m + 7. Let q be i(-5). Suppose 3*j - 45 = b, 0 = -q*j - 2*b + 4 + 26. Let t = 28 - j. What is the tens digit of t?
1
Let d(c) = -4*c**3 + 2*c**2 + c**2 - c + 3*c**3 + 8*c - 5. Let v be d(4). Let i = v + -2. What is the units digit of i?
5
Let t = 181 + -133. What is the tens digit of t?
4
Let x = -294 - -362. What is the tens digit of x?
6
What is the thousands digit of (154308/176)/(6/16)?
2
Let v(u) = u + 8. Let q be v(-4). Suppose x - 21 = -q*w, -4*x = -2*w - 4 + 28. Suppose w*a = 3*a + 12. What is the units digit of a?
4
Suppose -4*b + 1814 = -7*q + 8*q, -1351 = -3*b + 4*q. What is the tens digit of b?
5
What is the hundreds digit of 2/(-4) - 2977/(-2)?
4
Let i(p) = 17*p**3 - 10*p + 11. What is the tens digit of i(3)?
4
Let t = 1323 + -732. What is the tens digit of t?
9
Let s = 4682 - 2511. What is the thousands digit of s?
2
Suppose 2*c + 46226 = 31*c. What is the thousands digit of c?
1
Let d = -570 + 2420. What is the hundreds digit of d?
8
Suppose -4*h - 588 + 1596 = 0. Suppose 4*y - 8*y = 3*z - h, 4*y - 4*z = 252. What is the tens digit of y?
6
Let y(w) = -w**2 + 19*w + 8. Let u be y(15). What is the units digit of 214/5 - u/85?
2
Let o = -1798 - -2658. What is the hundreds digit of o?
8
Suppose 4*l - 2736 + 588 = 0. What is the hundreds digit of l?
5
Suppose -5*c - 8 - 32 = 0. Let y(z) = -z**3 - 9*z**2 - 9*z - 7. Let q be y(c). What is the units digit of -4 + q/(2/80)?
6
Suppose -2*y - 2558 = -4*o, 14*o + 2*y - 3211 = 9*o. What is the tens digit of o?
4
Suppose 84*n = 86*n - 2680. What is the thousands digit of n?
1
Suppose 0*p - 4 = -2*p. Suppose o + o = -4*n - 46, p*o + 3*n + 46 = 0. Let w = 41 + o. What is the units digit of w?
8
Let v(i) be the first derivative of i**4 + i**3/6 - 5*i**2/2 + 9. Let x(f) be the second derivative of v(f). What is the tens digit of x(2)?
4
Suppose 37*j = 10*j + 105219. What is the hundreds digit of j?
8
What is the hundreds digit of 3/(-7) + (-222870)/(-483)?
4
Let m(y) = 3*y**2 + 6*y - 11. Let f be ((-112)/24)/(-2 - 16/(-6)). What is the tens digit of m(f)?
9
Suppose -2*i = 10*c - 11*c - 1723, 2*c - 1732 = -2*i. What is the hundreds digit of i?
8
Suppose 0*y - 2*y = -4. Suppose y*z = -2*z + 76. What is the units digit of z?
9
Suppose -5*a = -b + 133, -5*b + a = -a - 665. Suppose 2*h + 186 = 4*q - 0*h, 0 = 3*q + 5*h - b. What is the units digit of q?
6
What is the hundreds digit of (329/(-28) + 5)*-76?
5
Suppose 5*i - 4*j = -817, j = 3*i - 4 + 497. Let r = i - -410. What is the tens digit of r?
4
Let m be (22/(-77) + (-74)/(-14))/(-1). What is the units digit of -2 - m/((-10)/(-16))?
6
Suppose -4*h = -3*y - 115 - 142, -2*y + 214 = 3*h. Suppose -h = -4*z + 296. What is the tens digit of z?
9
Let v = 4982 - 1393. What is the thousands digit of v?
3
Let j be 2/(-14) + 1164/14 + -3. What is the hundreds digit of j/((-1)/4*-1)?
3
Let q = 592 - 40. What is the units digit of q?
2
Let a(j) = 3*j**2 - j + 2. Let x(s) = s**3 - 2*s**2 - 2*s. Suppose -3*g + 4*c + 17 = 0, 0 = -3*c + c - 4. Let n be x(g). What is the tens digit of a(n)?
2
Suppose 6 = p - 0. Suppose l - p*l = -60. What is the units digit of l?
2
Suppose -41*o + 53*o - 3912 = 0. What is the tens digit of o?
2
Suppose 9*c - 6*c - 252 = 0. Let g = c - 37. What is the tens digit of g?
4
Let b(w) = w**2 + w - 4. Let t be b(-2). What is the tens digit of (t - 8/(-2)) + 78?
8
Let o = 832 - 601. What is the units digit of o?
1
Suppose 7*j - 730 = 250. What is the tens digit of j?
4
Let c be (-6)/39 + (-112)/(-52). Suppose 6 - 2 = c*o. Suppose o*b = -3*b + 210. What is the units digit of b?
2
Suppose v - 438 = -4*u, -2*v + 6*v - 2*u - 1716 = 0. What is the tens digit of v?
3
Let y(w) be the first derivative of w**2 + 33*w + 1. What is the tens digit of y(8)?
4
What is the thousands digit of -1*(-10)/8 - 25532/(-16)?
1
Suppose 0*z = -3*x + 3*z + 3, 2*x + 2*z + 14 = 0. Let d(a) = -a - 5. Let j be d(x). What is the units digit of (-3 - j)*-1*4?
4
Suppose -6 = w + 3. What is the tens digit of w*(-2 - (-80)/(-12))?
7
Let u(m) = 2*m - 